{"id":1742,"date":"2023-03-17T12:44:42","date_gmt":"2023-03-17T11:44:42","guid":{"rendered":"http:\/\/ehpadrichard.fr\/?page_id=1742"},"modified":"2025-02-08T14:34:23","modified_gmt":"2025-02-08T13:34:23","slug":"conseil-de-vie-sociale-cvs","status":"publish","type":"page","link":"https:\/\/ehpadrichard.fr\/index.php\/conseil-de-vie-sociale-cvs\/","title":{"rendered":"Conseil de Vie Sociale (CVS)"},"content":{"rendered":"\t\t<div data-elementor-type=\"wp-page\" data-elementor-id=\"1742\" class=\"elementor elementor-1742\">\n\t\t\t\t\t\t<section class=\"elementor-section elementor-top-section elementor-element elementor-element-eaf6bce elementor-section-boxed elementor-section-height-default elementor-section-height-default\" data-id=\"eaf6bce\" data-element_type=\"section\" data-e-type=\"section\">\n\t\t\t\t\t\t<div class=\"elementor-container elementor-column-gap-default\">\n\t\t\t\t\t<div class=\"elementor-column elementor-col-100 elementor-top-column elementor-element elementor-element-3a3abb9\" data-id=\"3a3abb9\" data-element_type=\"column\" data-e-type=\"column\">\n\t\t\t<div class=\"elementor-widget-wrap elementor-element-populated\">\n\t\t\t\t\t\t<div class=\"elementor-element elementor-element-b69cee4 elementor-widget elementor-widget-text-editor\" data-id=\"b69cee4\" data-element_type=\"widget\" data-e-type=\"widget\" data-widget_type=\"text-editor.default\">\n\t\t\t\t<div class=\"elementor-widget-container\">\n\t\t\t\t\t\t\t\t\t<p>Le Conseil de Vie Sociale (CVS) d&#8217;un EHPAD (\u00c9tablissement d&#8217;h\u00e9bergement pour personnes \u00e2g\u00e9es d\u00e9pendantes) est une instance qui vise \u00e0 favoriser la participation des r\u00e9sidents et des familles \u00e0 la vie de l&#8217;\u00e9tablissement. Le CVS permet aux r\u00e9sidents de s&#8217;exprimer sur les conditions de vie, l&#8217;organisation des activit\u00e9s et les services propos\u00e9s.<\/p><p>Le r\u00f4le du CVS est de repr\u00e9senter les r\u00e9sidents aupr\u00e8s de la direction de l&#8217;EHPAD et de participer \u00e0 la prise de d\u00e9cision sur les questions li\u00e9es \u00e0 la vie de l&#8217;\u00e9tablissement. Le CVS peut ainsi \u00e9mettre des avis et des propositions sur les sujets relatifs \u00e0 la vie quotidienne des r\u00e9sidents, tels que l&#8217;organisation des repas, les activit\u00e9s propos\u00e9es, les modalit\u00e9s de prise en charge m\u00e9dicale ou encore les tarifs pratiqu\u00e9s.<\/p><p>Le Conseil de Vie Sociale peut \u00e9galement \u00eatre sollicit\u00e9 pour donner son avis sur les projets de travaux ou d&#8217;am\u00e9nagements de l&#8217;EHPAD, afin de prendre en compte les besoins et les attentes des r\u00e9sidents.<\/p><p>\u00a0<\/p>\t\t\t\t\t\t\t\t<\/div>\n\t\t\t\t<\/div>\n\t\t\t\t\t<\/div>\n\t\t<\/div>\n\t\t\t\t\t<\/div>\n\t\t<\/section>\n\t\t\t\t<section class=\"elementor-section elementor-top-section elementor-element elementor-element-7adccda elementor-section-boxed elementor-section-height-default elementor-section-height-default\" data-id=\"7adccda\" data-element_type=\"section\" data-e-type=\"section\">\n\t\t\t\t\t\t<div class=\"elementor-container elementor-column-gap-default\">\n\t\t\t\t\t<div class=\"elementor-column elementor-col-100 elementor-top-column elementor-element elementor-element-181650b\" data-id=\"181650b\" data-element_type=\"column\" data-e-type=\"column\">\n\t\t\t<div class=\"elementor-widget-wrap elementor-element-populated\">\n\t\t\t\t\t\t<div class=\"elementor-element elementor-element-97ad593 elementor-widget elementor-widget-image\" data-id=\"97ad593\" data-element_type=\"widget\" data-e-type=\"widget\" data-widget_type=\"image.default\">\n\t\t\t\t<div class=\"elementor-widget-container\">\n\t\t\t\t\t\t\t\t\t\t\t\t\t\t\t<img fetchpriority=\"high\" decoding=\"async\" width=\"480\" height=\"296\" src=\"https:\/\/ehpadrichard.fr\/wp-content\/uploads\/2023\/03\/2aeb4a642fa6a9ae4d439550107a14ca-480x296.jpg\" class=\"attachment-blossom-spa-service size-blossom-spa-service wp-image-1819\" alt=\"\" \/>\t\t\t\t\t\t\t\t\t\t\t\t\t\t\t<\/div>\n\t\t\t\t<\/div>\n\t\t\t\t\t<\/div>\n\t\t<\/div>\n\t\t\t\t\t<\/div>\n\t\t<\/section>\n\t\t\t\t<section class=\"elementor-section elementor-top-section elementor-element elementor-element-150b14c elementor-section-boxed elementor-section-height-default elementor-section-height-default\" data-id=\"150b14c\" data-element_type=\"section\" data-e-type=\"section\">\n\t\t\t\t\t\t<div class=\"elementor-container elementor-column-gap-default\">\n\t\t\t\t\t<div class=\"elementor-column elementor-col-100 elementor-top-column elementor-element elementor-element-f95020a\" data-id=\"f95020a\" data-element_type=\"column\" data-e-type=\"column\">\n\t\t\t<div class=\"elementor-widget-wrap elementor-element-populated\">\n\t\t\t\t\t\t<div class=\"elementor-element elementor-element-9044d1e elementor-widget elementor-widget-text-editor\" data-id=\"9044d1e\" data-element_type=\"widget\" data-e-type=\"widget\" data-widget_type=\"text-editor.default\">\n\t\t\t\t<div class=\"elementor-widget-container\">\n\t\t\t\t\t\t\t\t\t<p>Les familles de r\u00e9sidents peuvent jouer un r\u00f4le important dans le Conseil de Vie Sociale (CVS) d&#8217;un EHPAD (\u00c9tablissement d&#8217;h\u00e9bergement pour personnes \u00e2g\u00e9es d\u00e9pendantes). Voici quelques exemples:\u00a0<\/p><ol><li>Les familles peuvent participer aux r\u00e9unions du CVS en tant que membres, ce qui leur permet de prendre part aux discussions et de contribuer \u00e0 la prise de d\u00e9cision.<\/li><li>\u00a0Les familles peuvent jouer un r\u00f4le de relais entre les r\u00e9sidents et le CVS en soumettant les besoins, les attentes et les pr\u00e9occupations de leurs proches.<\/li><li>\u00a0Les familles peuvent apporter des id\u00e9es d&#8217;activit\u00e9s, de projets ou de services qui pourraient am\u00e9liorer la vie des r\u00e9sidents.<\/li><li>\u00a0Les familles peuvent participer \u00e0 l&#8217;organisation d&#8217;activit\u00e9s en apportant leur aide ou leur savoir-faire.<\/li><li>\u00a0Les familles peuvent \u00eatre inform\u00e9es des d\u00e9cisions prises au sein du CVS et de l&#8217;avancement des projets, ce qui leur permet de mieux comprendre le fonctionnement de l&#8217;EHPAD et de rassurer leurs proches.<\/li><\/ol><p>\u00a0<\/p>\t\t\t\t\t\t\t\t<\/div>\n\t\t\t\t<\/div>\n\t\t\t\t\t<\/div>\n\t\t<\/div>\n\t\t\t\t\t<\/div>\n\t\t<\/section>\n\t\t\t\t<section class=\"elementor-section elementor-top-section elementor-element elementor-element-ccb379a elementor-section-boxed elementor-section-height-default elementor-section-height-default\" data-id=\"ccb379a\" data-element_type=\"section\" data-e-type=\"section\">\n\t\t\t\t\t\t<div class=\"elementor-container elementor-column-gap-default\">\n\t\t\t\t\t<div class=\"elementor-column elementor-col-100 elementor-top-column elementor-element elementor-element-942ee07\" data-id=\"942ee07\" data-element_type=\"column\" data-e-type=\"column\">\n\t\t\t<div class=\"elementor-widget-wrap elementor-element-populated\">\n\t\t\t\t\t\t<div class=\"elementor-element elementor-element-d053b72 elementor-widget elementor-widget-text-editor\" data-id=\"d053b72\" data-element_type=\"widget\" data-e-type=\"widget\" data-widget_type=\"text-editor.default\">\n\t\t\t\t<div class=\"elementor-widget-container\">\n\t\t\t\t\t\t\t\t\t<p><strong>Si vous avez des suggestions, des questions ou des commentaires \u00e0 partager, n&#8217;h\u00e9sitez pas \u00e0 contacter via notre formulaire de contact en ligne, le Conseil de Vie Sociale. Remplissez simplement le formulaire avec vos informations de contact et votre message, et un repr\u00e9sentant des familles du CVS vous r\u00e9pondra dans les meilleurs d\u00e9lais.<\/strong>\u00a0<\/p>\t\t\t\t\t\t\t\t<\/div>\n\t\t\t\t<\/div>\n\t\t\t\t\t<\/div>\n\t\t<\/div>\n\t\t\t\t\t<\/div>\n\t\t<\/section>\n\t\t\t\t<section class=\"elementor-section elementor-top-section elementor-element elementor-element-6969a30 elementor-section-boxed elementor-section-height-default elementor-section-height-default\" data-id=\"6969a30\" data-element_type=\"section\" data-e-type=\"section\">\n\t\t\t\t\t\t<div class=\"elementor-container elementor-column-gap-default\">\n\t\t\t\t\t<div class=\"elementor-column elementor-col-100 elementor-top-column elementor-element elementor-element-457a90f\" data-id=\"457a90f\" data-element_type=\"column\" data-e-type=\"column\">\n\t\t\t<div class=\"elementor-widget-wrap elementor-element-populated\">\n\t\t\t\t\t\t<div class=\"elementor-element elementor-element-4fcc1d4 elementor-widget elementor-widget-wpforms\" data-id=\"4fcc1d4\" data-element_type=\"widget\" data-e-type=\"widget\" data-widget_type=\"wpforms.default\">\n\t\t\t\t<div class=\"elementor-widget-container\">\n\t\t\t\t\t<div class=\"wpforms-container wpforms-container-full\" id=\"wpforms-1733\"><form id=\"wpforms-form-1733\" class=\"wpforms-validate wpforms-form wpforms-ajax-form\" data-formid=\"1733\" method=\"post\" enctype=\"multipart\/form-data\" action=\"\/index.php\/wp-json\/wp\/v2\/pages\/1742\" data-token=\"cf299ccd8b20ac6f77f15a006c140871\" data-token-time=\"1776398672\"><noscript class=\"wpforms-error-noscript\">Please enable JavaScript in your browser to complete this form.<\/noscript><div class=\"wpforms-field-container\"><div id=\"wpforms-1733-field_1-container\" class=\"wpforms-field wpforms-field-name\" data-field-id=\"1\"><label class=\"wpforms-field-label\" for=\"wpforms-1733-field_1\">Nom Pr\u00e9nom <span class=\"wpforms-required-label\">*<\/span><\/label><input type=\"text\" id=\"wpforms-1733-field_1\" class=\"wpforms-field-medium wpforms-field-required\" name=\"wpforms[fields][1]\" required><\/div><div id=\"wpforms-1733-field_2-container\" class=\"wpforms-field wpforms-field-number\" data-field-id=\"2\"><label class=\"wpforms-field-label\" for=\"wpforms-1733-field_2\">Num\u00e9ro de t\u00e9l\u00e9phone <span class=\"wpforms-required-label\">*<\/span><\/label><input type=\"number\" id=\"wpforms-1733-field_2\" class=\"wpforms-field-medium wpforms-field-required\" name=\"wpforms[fields][2]\" step=\"any\" required><\/div><div id=\"wpforms-1733-field_3-container\" class=\"wpforms-field wpforms-field-email\" data-field-id=\"3\"><label class=\"wpforms-field-label\" for=\"wpforms-1733-field_3\">Email<\/label><input type=\"email\" id=\"wpforms-1733-field_3\" class=\"wpforms-field-medium\" name=\"wpforms[fields][3]\" spellcheck=\"false\" ><\/div><div id=\"wpforms-1733-field_4-container\" class=\"wpforms-field wpforms-field-textarea\" data-field-id=\"4\"><label class=\"wpforms-field-label\" for=\"wpforms-1733-field_4\">Objet de votre demande<\/label><textarea id=\"wpforms-1733-field_4\" class=\"wpforms-field-medium\" name=\"wpforms[fields][4]\" ><\/textarea><\/div><\/div><!-- .wpforms-field-container --><div class=\"wpforms-recaptcha-container wpforms-is-recaptcha wpforms-is-recaptcha-type-v3\" ><input type=\"hidden\" name=\"wpforms[recaptcha]\" value=\"\"><\/div><div class=\"wpforms-submit-container\" ><input type=\"hidden\" name=\"wpforms[id]\" value=\"1733\"><input type=\"hidden\" name=\"page_title\" value=\"\"><input type=\"hidden\" name=\"page_url\" value=\"https:\/\/ehpadrichard.fr\/index.php\/wp-json\/wp\/v2\/pages\/1742\"><input type=\"hidden\" name=\"url_referer\" value=\"\"><button type=\"submit\" name=\"wpforms[submit]\" id=\"wpforms-submit-1733\" class=\"wpforms-submit\" data-alt-text=\"Sending...\" data-submit-text=\"Envoyer\" aria-live=\"assertive\" value=\"wpforms-submit\">Envoyer<\/button><img decoding=\"async\" src=\"https:\/\/ehpadrichard.fr\/wp-content\/plugins\/wpforms-lite\/assets\/images\/submit-spin.svg\" class=\"wpforms-submit-spinner\" style=\"display: none;\" width=\"26\" height=\"26\" alt=\"Loading\"><\/div><\/form><\/div>  <!-- .wpforms-container -->\t\t\t\t<\/div>\n\t\t\t\t<\/div>\n\t\t\t\t\t<\/div>\n\t\t<\/div>\n\t\t\t\t\t<\/div>\n\t\t<\/section>\n\t\t\t\t<\/div>\n\t\t","protected":false},"excerpt":{"rendered":"<p>Le Conseil de Vie Sociale (CVS) d&#8217;un EHPAD (\u00c9tablissement d&#8217;h\u00e9bergement pour personnes \u00e2g\u00e9es d\u00e9pendantes) est une instance qui vise \u00e0 favoriser la participation des r\u00e9sidents et des familles \u00e0 la &hellip; <\/p>\n","protected":false},"author":1,"featured_media":1747,"parent":0,"menu_order":0,"comment_status":"closed","ping_status":"closed","template":"","meta":{"footnotes":""},"class_list":["post-1742","page","type-page","status-publish","has-post-thumbnail","hentry"],"yoast_head":"<!-- This site is optimized with the Yoast SEO plugin v27.1.1 - https:\/\/yoast.com\/product\/yoast-seo-wordpress\/ -->\n<title>Conseil de Vie Sociale (CVS) - P\u00f4le G\u00e9rontologique EHPAD Public Richard<\/title>\n<meta name=\"robots\" content=\"index, follow, max-snippet:-1, max-image-preview:large, max-video-preview:-1\" \/>\n<link rel=\"canonical\" href=\"https:\/\/ehpadrichard.fr\/index.php\/conseil-de-vie-sociale-cvs\/\" \/>\n<meta property=\"og:locale\" content=\"en_US\" \/>\n<meta property=\"og:type\" content=\"article\" \/>\n<meta property=\"og:title\" content=\"Conseil de Vie Sociale (CVS) - P\u00f4le G\u00e9rontologique EHPAD Public Richard\" \/>\n<meta property=\"og:description\" content=\"Le Conseil de Vie Sociale (CVS) d&#8217;un EHPAD (\u00c9tablissement d&#8217;h\u00e9bergement pour personnes \u00e2g\u00e9es d\u00e9pendantes) est une instance qui vise \u00e0 favoriser la participation des r\u00e9sidents et des familles \u00e0 la &hellip;\" \/>\n<meta property=\"og:url\" content=\"https:\/\/ehpadrichard.fr\/index.php\/conseil-de-vie-sociale-cvs\/\" \/>\n<meta property=\"og:site_name\" content=\"P\u00f4le G\u00e9rontologique EHPAD Public Richard\" \/>\n<meta property=\"article:modified_time\" content=\"2025-02-08T13:34:23+00:00\" \/>\n<meta property=\"og:image\" content=\"https:\/\/ehpadrichard.fr\/wp-content\/uploads\/2023\/03\/864cbac248da93a253ad14fcfe354c1b.jpg\" \/>\n\t<meta property=\"og:image:width\" content=\"564\" \/>\n\t<meta property=\"og:image:height\" content=\"317\" \/>\n\t<meta property=\"og:image:type\" content=\"image\/jpeg\" \/>\n<meta name=\"twitter:card\" content=\"summary_large_image\" \/>\n<meta name=\"twitter:label1\" content=\"Est. reading time\" \/>\n\t<meta name=\"twitter:data1\" content=\"3 minutes\" \/>\n<script type=\"application\/ld+json\" class=\"yoast-schema-graph\">{\"@context\":\"https:\/\/schema.org\",\"@graph\":[{\"@type\":\"WebPage\",\"@id\":\"https:\/\/ehpadrichard.fr\/index.php\/conseil-de-vie-sociale-cvs\/\",\"url\":\"https:\/\/ehpadrichard.fr\/index.php\/conseil-de-vie-sociale-cvs\/\",\"name\":\"Conseil de Vie Sociale (CVS) - P\u00f4le G\u00e9rontologique EHPAD Public Richard\",\"isPartOf\":{\"@id\":\"https:\/\/ehpadrichard.fr\/#website\"},\"primaryImageOfPage\":{\"@id\":\"https:\/\/ehpadrichard.fr\/index.php\/conseil-de-vie-sociale-cvs\/#primaryimage\"},\"image\":{\"@id\":\"https:\/\/ehpadrichard.fr\/index.php\/conseil-de-vie-sociale-cvs\/#primaryimage\"},\"thumbnailUrl\":\"https:\/\/ehpadrichard.fr\/wp-content\/uploads\/2023\/03\/864cbac248da93a253ad14fcfe354c1b.jpg\",\"datePublished\":\"2023-03-17T11:44:42+00:00\",\"dateModified\":\"2025-02-08T13:34:23+00:00\",\"breadcrumb\":{\"@id\":\"https:\/\/ehpadrichard.fr\/index.php\/conseil-de-vie-sociale-cvs\/#breadcrumb\"},\"inLanguage\":\"en-US\",\"potentialAction\":[{\"@type\":\"ReadAction\",\"target\":[\"https:\/\/ehpadrichard.fr\/index.php\/conseil-de-vie-sociale-cvs\/\"]}]},{\"@type\":\"ImageObject\",\"inLanguage\":\"en-US\",\"@id\":\"https:\/\/ehpadrichard.fr\/index.php\/conseil-de-vie-sociale-cvs\/#primaryimage\",\"url\":\"https:\/\/ehpadrichard.fr\/wp-content\/uploads\/2023\/03\/864cbac248da93a253ad14fcfe354c1b.jpg\",\"contentUrl\":\"https:\/\/ehpadrichard.fr\/wp-content\/uploads\/2023\/03\/864cbac248da93a253ad14fcfe354c1b.jpg\",\"width\":564,\"height\":317},{\"@type\":\"BreadcrumbList\",\"@id\":\"https:\/\/ehpadrichard.fr\/index.php\/conseil-de-vie-sociale-cvs\/#breadcrumb\",\"itemListElement\":[{\"@type\":\"ListItem\",\"position\":1,\"name\":\"Accueil\",\"item\":\"https:\/\/ehpadrichard.fr\/\"},{\"@type\":\"ListItem\",\"position\":2,\"name\":\"Conseil de Vie Sociale (CVS)\"}]},{\"@type\":\"WebSite\",\"@id\":\"https:\/\/ehpadrichard.fr\/#website\",\"url\":\"https:\/\/ehpadrichard.fr\/\",\"name\":\"P\u00f4le G\u00e9rontologique EHPAD Public Richard\",\"description\":\"2 Boulevard Richard Garnier 78700 Conflans-Sainte-Honorine\",\"potentialAction\":[{\"@type\":\"SearchAction\",\"target\":{\"@type\":\"EntryPoint\",\"urlTemplate\":\"https:\/\/ehpadrichard.fr\/?s={search_term_string}\"},\"query-input\":{\"@type\":\"PropertyValueSpecification\",\"valueRequired\":true,\"valueName\":\"search_term_string\"}}],\"inLanguage\":\"en-US\"}]}<\/script>\n<!-- \/ Yoast SEO plugin. -->","yoast_head_json":{"title":"Conseil de Vie Sociale (CVS) - P\u00f4le G\u00e9rontologique EHPAD Public Richard","robots":{"index":"index","follow":"follow","max-snippet":"max-snippet:-1","max-image-preview":"max-image-preview:large","max-video-preview":"max-video-preview:-1"},"canonical":"https:\/\/ehpadrichard.fr\/index.php\/conseil-de-vie-sociale-cvs\/","og_locale":"en_US","og_type":"article","og_title":"Conseil de Vie Sociale (CVS) - P\u00f4le G\u00e9rontologique EHPAD Public Richard","og_description":"Le Conseil de Vie Sociale (CVS) d&#8217;un EHPAD (\u00c9tablissement d&#8217;h\u00e9bergement pour personnes \u00e2g\u00e9es d\u00e9pendantes) est une instance qui vise \u00e0 favoriser la participation des r\u00e9sidents et des familles \u00e0 la &hellip;","og_url":"https:\/\/ehpadrichard.fr\/index.php\/conseil-de-vie-sociale-cvs\/","og_site_name":"P\u00f4le G\u00e9rontologique EHPAD Public Richard","article_modified_time":"2025-02-08T13:34:23+00:00","og_image":[{"width":564,"height":317,"url":"https:\/\/ehpadrichard.fr\/wp-content\/uploads\/2023\/03\/864cbac248da93a253ad14fcfe354c1b.jpg","type":"image\/jpeg"}],"twitter_card":"summary_large_image","twitter_misc":{"Est. reading time":"3 minutes"},"schema":{"@context":"https:\/\/schema.org","@graph":[{"@type":"WebPage","@id":"https:\/\/ehpadrichard.fr\/index.php\/conseil-de-vie-sociale-cvs\/","url":"https:\/\/ehpadrichard.fr\/index.php\/conseil-de-vie-sociale-cvs\/","name":"Conseil de Vie Sociale (CVS) - P\u00f4le G\u00e9rontologique EHPAD Public Richard","isPartOf":{"@id":"https:\/\/ehpadrichard.fr\/#website"},"primaryImageOfPage":{"@id":"https:\/\/ehpadrichard.fr\/index.php\/conseil-de-vie-sociale-cvs\/#primaryimage"},"image":{"@id":"https:\/\/ehpadrichard.fr\/index.php\/conseil-de-vie-sociale-cvs\/#primaryimage"},"thumbnailUrl":"https:\/\/ehpadrichard.fr\/wp-content\/uploads\/2023\/03\/864cbac248da93a253ad14fcfe354c1b.jpg","datePublished":"2023-03-17T11:44:42+00:00","dateModified":"2025-02-08T13:34:23+00:00","breadcrumb":{"@id":"https:\/\/ehpadrichard.fr\/index.php\/conseil-de-vie-sociale-cvs\/#breadcrumb"},"inLanguage":"en-US","potentialAction":[{"@type":"ReadAction","target":["https:\/\/ehpadrichard.fr\/index.php\/conseil-de-vie-sociale-cvs\/"]}]},{"@type":"ImageObject","inLanguage":"en-US","@id":"https:\/\/ehpadrichard.fr\/index.php\/conseil-de-vie-sociale-cvs\/#primaryimage","url":"https:\/\/ehpadrichard.fr\/wp-content\/uploads\/2023\/03\/864cbac248da93a253ad14fcfe354c1b.jpg","contentUrl":"https:\/\/ehpadrichard.fr\/wp-content\/uploads\/2023\/03\/864cbac248da93a253ad14fcfe354c1b.jpg","width":564,"height":317},{"@type":"BreadcrumbList","@id":"https:\/\/ehpadrichard.fr\/index.php\/conseil-de-vie-sociale-cvs\/#breadcrumb","itemListElement":[{"@type":"ListItem","position":1,"name":"Accueil","item":"https:\/\/ehpadrichard.fr\/"},{"@type":"ListItem","position":2,"name":"Conseil de Vie Sociale (CVS)"}]},{"@type":"WebSite","@id":"https:\/\/ehpadrichard.fr\/#website","url":"https:\/\/ehpadrichard.fr\/","name":"P\u00f4le G\u00e9rontologique EHPAD Public Richard","description":"2 Boulevard Richard Garnier 78700 Conflans-Sainte-Honorine","potentialAction":[{"@type":"SearchAction","target":{"@type":"EntryPoint","urlTemplate":"https:\/\/ehpadrichard.fr\/?s={search_term_string}"},"query-input":{"@type":"PropertyValueSpecification","valueRequired":true,"valueName":"search_term_string"}}],"inLanguage":"en-US"}]}},"_links":{"self":[{"href":"https:\/\/ehpadrichard.fr\/index.php\/wp-json\/wp\/v2\/pages\/1742","targetHints":{"allow":["GET"]}}],"collection":[{"href":"https:\/\/ehpadrichard.fr\/index.php\/wp-json\/wp\/v2\/pages"}],"about":[{"href":"https:\/\/ehpadrichard.fr\/index.php\/wp-json\/wp\/v2\/types\/page"}],"author":[{"embeddable":true,"href":"https:\/\/ehpadrichard.fr\/index.php\/wp-json\/wp\/v2\/users\/1"}],"replies":[{"embeddable":true,"href":"https:\/\/ehpadrichard.fr\/index.php\/wp-json\/wp\/v2\/comments?post=1742"}],"version-history":[{"count":40,"href":"https:\/\/ehpadrichard.fr\/index.php\/wp-json\/wp\/v2\/pages\/1742\/revisions"}],"predecessor-version":[{"id":2131,"href":"https:\/\/ehpadrichard.fr\/index.php\/wp-json\/wp\/v2\/pages\/1742\/revisions\/2131"}],"wp:featuredmedia":[{"embeddable":true,"href":"https:\/\/ehpadrichard.fr\/index.php\/wp-json\/wp\/v2\/media\/1747"}],"wp:attachment":[{"href":"https:\/\/ehpadrichard.fr\/index.php\/wp-json\/wp\/v2\/media?parent=1742"}],"curies":[{"name":"wp","href":"https:\/\/api.w.org\/{rel}","templated":true}]}}