{"id":741,"date":"2022-06-06T17:40:22","date_gmt":"2022-06-06T15:40:22","guid":{"rendered":"http:\/\/ehpadrichard.fr\/?page_id=741"},"modified":"2023-03-21T09:56:56","modified_gmt":"2023-03-21T08:56:56","slug":"espace-des-professionnels","status":"publish","type":"page","link":"https:\/\/ehpadrichard.fr\/index.php\/espace-des-professionnels\/","title":{"rendered":"Espace des Professionnels"},"content":{"rendered":"\t\t<div data-elementor-type=\"wp-page\" data-elementor-id=\"741\" class=\"elementor elementor-741\">\n\t\t\t\t\t\t<section class=\"elementor-section elementor-top-section elementor-element elementor-element-0f571a5 elementor-section-boxed elementor-section-height-default elementor-section-height-default\" data-id=\"0f571a5\" data-element_type=\"section\" data-e-type=\"section\">\n\t\t\t\t\t\t<div class=\"elementor-container elementor-column-gap-default\">\n\t\t\t\t\t<div class=\"elementor-column elementor-col-100 elementor-top-column elementor-element elementor-element-fc5d304\" data-id=\"fc5d304\" data-element_type=\"column\" data-e-type=\"column\">\n\t\t\t<div class=\"elementor-widget-wrap elementor-element-populated\">\n\t\t\t\t\t\t<div class=\"elementor-element elementor-element-247b967 elementor-widget elementor-widget-heading\" data-id=\"247b967\" data-element_type=\"widget\" data-e-type=\"widget\" data-widget_type=\"heading.default\">\n\t\t\t\t<div class=\"elementor-widget-container\">\n\t\t\t\t\t<h3 class=\"elementor-heading-title elementor-size-default\">L'\u00e9quipe pluridisciplinaire participe \u00e0 un accompagnement adapt\u00e9 qui correspond aux besoins de chaque r\u00e9sident.<\/h3>\t\t\t\t<\/div>\n\t\t\t\t<\/div>\n\t\t\t\t<div class=\"elementor-element elementor-element-1669a95 elementor-widget elementor-widget-text-editor\" data-id=\"1669a95\" data-element_type=\"widget\" data-e-type=\"widget\" data-widget_type=\"text-editor.default\">\n\t\t\t\t<div class=\"elementor-widget-container\">\n\t\t\t\t\t\t\t\t\t<p>La direction offre aux agents de l\u2019EHPAD Richard un cadre de travail propice \u00e0 l\u2019\u00e9panouissement professionnel. La gestion des ressources humaines se veut \u00e0 l\u2019\u00e9coute du personnel, permettant ainsi de garantir aux r\u00e9sidents la meilleure qualit\u00e9 de service. De nombreuses actions de qualit\u00e9 de vie au travail sont men\u00e9es r\u00e9guli\u00e8rement au sein de l\u2019\u00e9tablissement et sont ouvertes \u00e0 l\u2019ensemble des agents (formations diverses, s\u00e9ances bien-\u00eatre, repas de convivialit\u00e9, etc.)<\/p>\t\t\t\t\t\t\t\t<\/div>\n\t\t\t\t<\/div>\n\t\t\t\t<div class=\"elementor-element elementor-element-12a988c elementor-widget elementor-widget-spacer\" data-id=\"12a988c\" data-element_type=\"widget\" data-e-type=\"widget\" data-widget_type=\"spacer.default\">\n\t\t\t\t<div class=\"elementor-widget-container\">\n\t\t\t\t\t\t\t<div class=\"elementor-spacer\">\n\t\t\t<div class=\"elementor-spacer-inner\"><\/div>\n\t\t<\/div>\n\t\t\t\t\t\t<\/div>\n\t\t\t\t<\/div>\n\t\t\t\t<div class=\"elementor-element elementor-element-9b798d3 elementor-widget elementor-widget-heading\" data-id=\"9b798d3\" data-element_type=\"widget\" data-e-type=\"widget\" data-widget_type=\"heading.default\">\n\t\t\t\t<div class=\"elementor-widget-container\">\n\t\t\t\t\t<h4 class=\"elementor-heading-title elementor-size-default\">Des postes ouverts aux fonctionnaires et non fonctionnaires :<\/h4>\t\t\t\t<\/div>\n\t\t\t\t<\/div>\n\t\t\t\t<div class=\"elementor-element elementor-element-ca85b36 elementor-widget elementor-widget-spacer\" data-id=\"ca85b36\" data-element_type=\"widget\" data-e-type=\"widget\" data-widget_type=\"spacer.default\">\n\t\t\t\t<div class=\"elementor-widget-container\">\n\t\t\t\t\t\t\t<div class=\"elementor-spacer\">\n\t\t\t<div class=\"elementor-spacer-inner\"><\/div>\n\t\t<\/div>\n\t\t\t\t\t\t<\/div>\n\t\t\t\t<\/div>\n\t\t\t\t<div class=\"elementor-element elementor-element-9538b95 elementor-align-center elementor-widget elementor-widget-button\" data-id=\"9538b95\" data-element_type=\"widget\" data-e-type=\"widget\" data-widget_type=\"button.default\">\n\t\t\t\t<div class=\"elementor-widget-container\">\n\t\t\t\t\t\t\t\t\t<div class=\"elementor-button-wrapper\">\n\t\t\t\t\t<a class=\"elementor-button elementor-button-link elementor-size-sm\" href=\"https:\/\/emploi.fhf.fr\/offres-etablissement.php?id_struct=2182\" target=\"_blank\">\n\t\t\t\t\t\t<span class=\"elementor-button-content-wrapper\">\n\t\t\t\t\t\t\t\t\t<span class=\"elementor-button-text\">Offres d'emploi<\/span>\n\t\t\t\t\t<\/span>\n\t\t\t\t\t<\/a>\n\t\t\t\t<\/div>\n\t\t\t\t\t\t\t\t<\/div>\n\t\t\t\t<\/div>\n\t\t\t\t<div class=\"elementor-element elementor-element-f529ebe elementor-widget elementor-widget-spacer\" data-id=\"f529ebe\" data-element_type=\"widget\" data-e-type=\"widget\" data-widget_type=\"spacer.default\">\n\t\t\t\t<div class=\"elementor-widget-container\">\n\t\t\t\t\t\t\t<div class=\"elementor-spacer\">\n\t\t\t<div class=\"elementor-spacer-inner\"><\/div>\n\t\t<\/div>\n\t\t\t\t\t\t<\/div>\n\t\t\t\t<\/div>\n\t\t\t\t\t<\/div>\n\t\t<\/div>\n\t\t\t\t\t<\/div>\n\t\t<\/section>\n\t\t\t\t<\/div>\n\t\t","protected":false},"excerpt":{"rendered":"<p>L&#8217;\u00e9quipe pluridisciplinaire participe \u00e0 un accompagnement adapt\u00e9 qui correspond aux besoins de chaque r\u00e9sident. La direction offre aux agents de l\u2019EHPAD Richard un cadre de travail propice \u00e0 l\u2019\u00e9panouissement professionnel. &hellip; <\/p>\n","protected":false},"author":1,"featured_media":141,"parent":0,"menu_order":0,"comment_status":"closed","ping_status":"closed","template":"elementor_header_footer","meta":{"footnotes":""},"class_list":["post-741","page","type-page","status-publish","has-post-thumbnail","hentry"],"yoast_head":"<!-- This site is optimized with the Yoast SEO plugin v27.1.1 - https:\/\/yoast.com\/product\/yoast-seo-wordpress\/ -->\n<title>Espace des Professionnels - P\u00f4le G\u00e9rontologique EHPAD Public Richard<\/title>\n<meta name=\"robots\" content=\"index, follow, max-snippet:-1, max-image-preview:large, max-video-preview:-1\" \/>\n<link rel=\"canonical\" href=\"https:\/\/ehpadrichard.fr\/index.php\/espace-des-professionnels\/\" \/>\n<meta property=\"og:locale\" content=\"en_US\" \/>\n<meta property=\"og:type\" content=\"article\" \/>\n<meta property=\"og:title\" content=\"Espace des Professionnels - P\u00f4le G\u00e9rontologique EHPAD Public Richard\" \/>\n<meta property=\"og:description\" content=\"L&#8217;\u00e9quipe pluridisciplinaire participe \u00e0 un accompagnement adapt\u00e9 qui correspond aux besoins de chaque r\u00e9sident. La direction offre aux agents de l\u2019EHPAD Richard un cadre de travail propice \u00e0 l\u2019\u00e9panouissement professionnel. &hellip;\" \/>\n<meta property=\"og:url\" content=\"https:\/\/ehpadrichard.fr\/index.php\/espace-des-professionnels\/\" \/>\n<meta property=\"og:site_name\" content=\"P\u00f4le G\u00e9rontologique EHPAD Public Richard\" \/>\n<meta property=\"article:modified_time\" content=\"2023-03-21T08:56:56+00:00\" \/>\n<meta property=\"og:image\" content=\"https:\/\/ehpadrichard.fr\/wp-content\/uploads\/2021\/03\/Photo-306-scaled.jpg\" \/>\n\t<meta property=\"og:image:width\" content=\"2560\" \/>\n\t<meta property=\"og:image:height\" content=\"1920\" \/>\n\t<meta property=\"og:image:type\" content=\"image\/jpeg\" \/>\n<meta name=\"twitter:card\" content=\"summary_large_image\" \/>\n<meta name=\"twitter:label1\" content=\"Est. reading time\" \/>\n\t<meta name=\"twitter:data1\" content=\"1 minute\" \/>\n<script type=\"application\/ld+json\" class=\"yoast-schema-graph\">{\"@context\":\"https:\/\/schema.org\",\"@graph\":[{\"@type\":\"WebPage\",\"@id\":\"https:\/\/ehpadrichard.fr\/index.php\/espace-des-professionnels\/\",\"url\":\"https:\/\/ehpadrichard.fr\/index.php\/espace-des-professionnels\/\",\"name\":\"Espace des Professionnels - P\u00f4le G\u00e9rontologique EHPAD Public Richard\",\"isPartOf\":{\"@id\":\"https:\/\/ehpadrichard.fr\/#website\"},\"primaryImageOfPage\":{\"@id\":\"https:\/\/ehpadrichard.fr\/index.php\/espace-des-professionnels\/#primaryimage\"},\"image\":{\"@id\":\"https:\/\/ehpadrichard.fr\/index.php\/espace-des-professionnels\/#primaryimage\"},\"thumbnailUrl\":\"https:\/\/ehpadrichard.fr\/wp-content\/uploads\/2021\/03\/Photo-306-scaled.jpg\",\"datePublished\":\"2022-06-06T15:40:22+00:00\",\"dateModified\":\"2023-03-21T08:56:56+00:00\",\"breadcrumb\":{\"@id\":\"https:\/\/ehpadrichard.fr\/index.php\/espace-des-professionnels\/#breadcrumb\"},\"inLanguage\":\"en-US\",\"potentialAction\":[{\"@type\":\"ReadAction\",\"target\":[\"https:\/\/ehpadrichard.fr\/index.php\/espace-des-professionnels\/\"]}]},{\"@type\":\"ImageObject\",\"inLanguage\":\"en-US\",\"@id\":\"https:\/\/ehpadrichard.fr\/index.php\/espace-des-professionnels\/#primaryimage\",\"url\":\"https:\/\/ehpadrichard.fr\/wp-content\/uploads\/2021\/03\/Photo-306-scaled.jpg\",\"contentUrl\":\"https:\/\/ehpadrichard.fr\/wp-content\/uploads\/2021\/03\/Photo-306-scaled.jpg\",\"width\":2560,\"height\":1920},{\"@type\":\"BreadcrumbList\",\"@id\":\"https:\/\/ehpadrichard.fr\/index.php\/espace-des-professionnels\/#breadcrumb\",\"itemListElement\":[{\"@type\":\"ListItem\",\"position\":1,\"name\":\"Accueil\",\"item\":\"https:\/\/ehpadrichard.fr\/\"},{\"@type\":\"ListItem\",\"position\":2,\"name\":\"Espace des Professionnels\"}]},{\"@type\":\"WebSite\",\"@id\":\"https:\/\/ehpadrichard.fr\/#website\",\"url\":\"https:\/\/ehpadrichard.fr\/\",\"name\":\"P\u00f4le G\u00e9rontologique EHPAD Public Richard\",\"description\":\"2 Boulevard Richard Garnier 78700 Conflans-Sainte-Honorine\",\"potentialAction\":[{\"@type\":\"SearchAction\",\"target\":{\"@type\":\"EntryPoint\",\"urlTemplate\":\"https:\/\/ehpadrichard.fr\/?s={search_term_string}\"},\"query-input\":{\"@type\":\"PropertyValueSpecification\",\"valueRequired\":true,\"valueName\":\"search_term_string\"}}],\"inLanguage\":\"en-US\"}]}<\/script>\n<!-- \/ Yoast SEO plugin. -->","yoast_head_json":{"title":"Espace des Professionnels - P\u00f4le G\u00e9rontologique EHPAD Public Richard","robots":{"index":"index","follow":"follow","max-snippet":"max-snippet:-1","max-image-preview":"max-image-preview:large","max-video-preview":"max-video-preview:-1"},"canonical":"https:\/\/ehpadrichard.fr\/index.php\/espace-des-professionnels\/","og_locale":"en_US","og_type":"article","og_title":"Espace des Professionnels - P\u00f4le G\u00e9rontologique EHPAD Public Richard","og_description":"L&#8217;\u00e9quipe pluridisciplinaire participe \u00e0 un accompagnement adapt\u00e9 qui correspond aux besoins de chaque r\u00e9sident. La direction offre aux agents de l\u2019EHPAD Richard un cadre de travail propice \u00e0 l\u2019\u00e9panouissement professionnel. &hellip;","og_url":"https:\/\/ehpadrichard.fr\/index.php\/espace-des-professionnels\/","og_site_name":"P\u00f4le G\u00e9rontologique EHPAD Public Richard","article_modified_time":"2023-03-21T08:56:56+00:00","og_image":[{"width":2560,"height":1920,"url":"https:\/\/ehpadrichard.fr\/wp-content\/uploads\/2021\/03\/Photo-306-scaled.jpg","type":"image\/jpeg"}],"twitter_card":"summary_large_image","twitter_misc":{"Est. reading time":"1 minute"},"schema":{"@context":"https:\/\/schema.org","@graph":[{"@type":"WebPage","@id":"https:\/\/ehpadrichard.fr\/index.php\/espace-des-professionnels\/","url":"https:\/\/ehpadrichard.fr\/index.php\/espace-des-professionnels\/","name":"Espace des Professionnels - P\u00f4le G\u00e9rontologique EHPAD Public Richard","isPartOf":{"@id":"https:\/\/ehpadrichard.fr\/#website"},"primaryImageOfPage":{"@id":"https:\/\/ehpadrichard.fr\/index.php\/espace-des-professionnels\/#primaryimage"},"image":{"@id":"https:\/\/ehpadrichard.fr\/index.php\/espace-des-professionnels\/#primaryimage"},"thumbnailUrl":"https:\/\/ehpadrichard.fr\/wp-content\/uploads\/2021\/03\/Photo-306-scaled.jpg","datePublished":"2022-06-06T15:40:22+00:00","dateModified":"2023-03-21T08:56:56+00:00","breadcrumb":{"@id":"https:\/\/ehpadrichard.fr\/index.php\/espace-des-professionnels\/#breadcrumb"},"inLanguage":"en-US","potentialAction":[{"@type":"ReadAction","target":["https:\/\/ehpadrichard.fr\/index.php\/espace-des-professionnels\/"]}]},{"@type":"ImageObject","inLanguage":"en-US","@id":"https:\/\/ehpadrichard.fr\/index.php\/espace-des-professionnels\/#primaryimage","url":"https:\/\/ehpadrichard.fr\/wp-content\/uploads\/2021\/03\/Photo-306-scaled.jpg","contentUrl":"https:\/\/ehpadrichard.fr\/wp-content\/uploads\/2021\/03\/Photo-306-scaled.jpg","width":2560,"height":1920},{"@type":"BreadcrumbList","@id":"https:\/\/ehpadrichard.fr\/index.php\/espace-des-professionnels\/#breadcrumb","itemListElement":[{"@type":"ListItem","position":1,"name":"Accueil","item":"https:\/\/ehpadrichard.fr\/"},{"@type":"ListItem","position":2,"name":"Espace des Professionnels"}]},{"@type":"WebSite","@id":"https:\/\/ehpadrichard.fr\/#website","url":"https:\/\/ehpadrichard.fr\/","name":"P\u00f4le G\u00e9rontologique EHPAD Public Richard","description":"2 Boulevard Richard Garnier 78700 Conflans-Sainte-Honorine","potentialAction":[{"@type":"SearchAction","target":{"@type":"EntryPoint","urlTemplate":"https:\/\/ehpadrichard.fr\/?s={search_term_string}"},"query-input":{"@type":"PropertyValueSpecification","valueRequired":true,"valueName":"search_term_string"}}],"inLanguage":"en-US"}]}},"_links":{"self":[{"href":"https:\/\/ehpadrichard.fr\/index.php\/wp-json\/wp\/v2\/pages\/741","targetHints":{"allow":["GET"]}}],"collection":[{"href":"https:\/\/ehpadrichard.fr\/index.php\/wp-json\/wp\/v2\/pages"}],"about":[{"href":"https:\/\/ehpadrichard.fr\/index.php\/wp-json\/wp\/v2\/types\/page"}],"author":[{"embeddable":true,"href":"https:\/\/ehpadrichard.fr\/index.php\/wp-json\/wp\/v2\/users\/1"}],"replies":[{"embeddable":true,"href":"https:\/\/ehpadrichard.fr\/index.php\/wp-json\/wp\/v2\/comments?post=741"}],"version-history":[{"count":66,"href":"https:\/\/ehpadrichard.fr\/index.php\/wp-json\/wp\/v2\/pages\/741\/revisions"}],"predecessor-version":[{"id":1843,"href":"https:\/\/ehpadrichard.fr\/index.php\/wp-json\/wp\/v2\/pages\/741\/revisions\/1843"}],"wp:featuredmedia":[{"embeddable":true,"href":"https:\/\/ehpadrichard.fr\/index.php\/wp-json\/wp\/v2\/media\/141"}],"wp:attachment":[{"href":"https:\/\/ehpadrichard.fr\/index.php\/wp-json\/wp\/v2\/media?parent=741"}],"curies":[{"name":"wp","href":"https:\/\/api.w.org\/{rel}","templated":true}]}}

<div data-elementor-type="wp-page" data-elementor-id="741" class="elementor elementor-741">
						<section class="elementor-section elementor-top-section elementor-element elementor-element-0f571a5 elementor-section-boxed elementor-section-height-default elementor-section-height-default" data-id="0f571a5" data-element_type="section" data-e-type="section">
						<div class="elementor-container elementor-column-gap-default">
					<div class="elementor-column elementor-col-100 elementor-top-column elementor-element elementor-element-fc5d304" data-id="fc5d304" data-element_type="column" data-e-type="column">
			<div class="elementor-widget-wrap elementor-element-populated">
						<div class="elementor-element elementor-element-247b967 elementor-widget elementor-widget-heading" data-id="247b967" data-element_type="widget" data-e-type="widget" data-widget_type="heading.default">
				<div class="elementor-widget-container">
					<h3 class="elementor-heading-title elementor-size-default">L'équipe pluridisciplinaire participe à un accompagnement adapté qui correspond aux besoins de chaque résident.</h3>				</div>
				</div>
				<div class="elementor-element elementor-element-1669a95 elementor-widget elementor-widget-text-editor" data-id="1669a95" data-element_type="widget" data-e-type="widget" data-widget_type="text-editor.default">
				<div class="elementor-widget-container">
									<p>La direction offre aux agents de l’EHPAD Richard un cadre de travail propice à l’épanouissement professionnel. La gestion des ressources humaines se veut à l’écoute du personnel, permettant ainsi de garantir aux résidents la meilleure qualité de service. De nombreuses actions de qualité de vie au travail sont menées régulièrement au sein de l’établissement et sont ouvertes à l’ensemble des agents (formations diverses, séances bien-être, repas de convivialité, etc.)</p>								</div>
				</div>
				<div class="elementor-element elementor-element-12a988c elementor-widget elementor-widget-spacer" data-id="12a988c" data-element_type="widget" data-e-type="widget" data-widget_type="spacer.default">
				<div class="elementor-widget-container">
							<div class="elementor-spacer">
			<div class="elementor-spacer-inner"></div>
		</div>
						</div>
				</div>
				<div class="elementor-element elementor-element-9b798d3 elementor-widget elementor-widget-heading" data-id="9b798d3" data-element_type="widget" data-e-type="widget" data-widget_type="heading.default">
				<div class="elementor-widget-container">
					<h4 class="elementor-heading-title elementor-size-default">Des postes ouverts aux fonctionnaires et non fonctionnaires :</h4>				</div>
				</div>
				<div class="elementor-element elementor-element-ca85b36 elementor-widget elementor-widget-spacer" data-id="ca85b36" data-element_type="widget" data-e-type="widget" data-widget_type="spacer.default">
				<div class="elementor-widget-container">
							<div class="elementor-spacer">
			<div class="elementor-spacer-inner"></div>
		</div>
						</div>
				</div>
				<div class="elementor-element elementor-element-9538b95 elementor-align-center elementor-widget elementor-widget-button" data-id="9538b95" data-element_type="widget" data-e-type="widget" data-widget_type="button.default">
				<div class="elementor-widget-container">
									<div class="elementor-button-wrapper">
					<a class="elementor-button elementor-button-link elementor-size-sm" href="https://emploi.fhf.fr/offres-etablissement.php?id_struct=2182" target="_blank">
						<span class="elementor-button-content-wrapper">
									<span class="elementor-button-text">Offres d'emploi</span>
					</span>
					</a>
				</div>
								</div>
				</div>
				<div class="elementor-element elementor-element-f529ebe elementor-widget elementor-widget-spacer" data-id="f529ebe" data-element_type="widget" data-e-type="widget" data-widget_type="spacer.default">
				<div class="elementor-widget-container">
							<div class="elementor-spacer">
			<div class="elementor-spacer-inner"></div>
		</div>
						</div>
				</div>
					</div>
		</div>
					</div>
		</section>
				</div>

<p>L&#8217;équipe pluridisciplinaire participe à un accompagnement adapté qui correspond aux besoins de chaque résident. La direction offre aux agents de l’EHPAD Richard un cadre de travail propice à l’épanouissement professionnel. &hellip; </p>

<!-- This site is optimized with the Yoast SEO plugin v27.1.1 - https://yoast.com/product/yoast-seo-wordpress/ -->
<title>Espace des Professionnels - Pôle Gérontologique EHPAD Public Richard</title>
<meta name="robots" content="index, follow, max-snippet:-1, max-image-preview:large, max-video-preview:-1" />
<link rel="canonical" href="https://ehpadrichard.fr/index.php/espace-des-professionnels/" />
<meta property="og:locale" content="en_US" />
<meta property="og:type" content="article" />
<meta property="og:title" content="Espace des Professionnels - Pôle Gérontologique EHPAD Public Richard" />
<meta property="og:description" content="L&#8217;équipe pluridisciplinaire participe à un accompagnement adapté qui correspond aux besoins de chaque résident. La direction offre aux agents de l’EHPAD Richard un cadre de travail propice à l’épanouissement professionnel. &hellip;" />
<meta property="og:url" content="https://ehpadrichard.fr/index.php/espace-des-professionnels/" />
<meta property="og:site_name" content="Pôle Gérontologique EHPAD Public Richard" />
<meta property="article:modified_time" content="2023-03-21T08:56:56+00:00" />
<meta property="og:image" content="https://ehpadrichard.fr/wp-content/uploads/2021/03/Photo-306-scaled.jpg" />
	<meta property="og:image:width" content="2560" />
	<meta property="og:image:height" content="1920" />
	<meta property="og:image:type" content="image/jpeg" />
<meta name="twitter:card" content="summary_large_image" />
<meta name="twitter:label1" content="Est. reading time" />
	<meta name="twitter:data1" content="1 minute" />
<script type="application/ld+json" class="yoast-schema-graph">{"@context":"https://schema.org","@graph":[{"@type":"WebPage","@id":"https://ehpadrichard.fr/index.php/espace-des-professionnels/","url":"https://ehpadrichard.fr/index.php/espace-des-professionnels/","name":"Espace des Professionnels - Pôle Gérontologique EHPAD Public Richard","isPartOf":{"@id":"https://ehpadrichard.fr/#website"},"primaryImageOfPage":{"@id":"https://ehpadrichard.fr/index.php/espace-des-professionnels/#primaryimage"},"image":{"@id":"https://ehpadrichard.fr/index.php/espace-des-professionnels/#primaryimage"},"thumbnailUrl":"https://ehpadrichard.fr/wp-content/uploads/2021/03/Photo-306-scaled.jpg","datePublished":"2022-06-06T15:40:22+00:00","dateModified":"2023-03-21T08:56:56+00:00","breadcrumb":{"@id":"https://ehpadrichard.fr/index.php/espace-des-professionnels/#breadcrumb"},"inLanguage":"en-US","potentialAction":[{"@type":"ReadAction","target":["https://ehpadrichard.fr/index.php/espace-des-professionnels/"]}]},{"@type":"ImageObject","inLanguage":"en-US","@id":"https://ehpadrichard.fr/index.php/espace-des-professionnels/#primaryimage","url":"https://ehpadrichard.fr/wp-content/uploads/2021/03/Photo-306-scaled.jpg","contentUrl":"https://ehpadrichard.fr/wp-content/uploads/2021/03/Photo-306-scaled.jpg","width":2560,"height":1920},{"@type":"BreadcrumbList","@id":"https://ehpadrichard.fr/index.php/espace-des-professionnels/#breadcrumb","itemListElement":[{"@type":"ListItem","position":1,"name":"Accueil","item":"https://ehpadrichard.fr/"},{"@type":"ListItem","position":2,"name":"Espace des Professionnels"}]},{"@type":"WebSite","@id":"https://ehpadrichard.fr/#website","url":"https://ehpadrichard.fr/","name":"Pôle Gérontologique EHPAD Public Richard","description":"2 Boulevard Richard Garnier 78700 Conflans-Sainte-Honorine","potentialAction":[{"@type":"SearchAction","target":{"@type":"EntryPoint","urlTemplate":"https://ehpadrichard.fr/?s={search_term_string}"},"query-input":{"@type":"PropertyValueSpecification","valueRequired":true,"valueName":"search_term_string"}}],"inLanguage":"en-US"}]}</script>
<!-- / Yoast SEO plugin. -->

Espace des Professionnels - Pôle Gérontologique EHPAD Public Richard

L&#8217;équipe pluridisciplinaire participe à un accompagnement adapté qui correspond aux besoins de chaque résident. La direction offre aux agents de l’EHPAD Richard un cadre de travail propice à l’épanouissement professionnel. &hellip;

Pôle Gérontologique EHPAD Public Richard
